thousands digit of 45019?
5
What is the ten thousands digit of 23057?
2
What is the hundreds digit of 49724?
7
What is the thousands digit of 4710?
4
What is the thousands digit of 38049?
8
What is the tens digit of 14695?
9
What is the thousands digit of 3754?
3
What is the thousands digit of 1154?
1
What is the ten thousands digit of 15250?
1
What is the hundreds digit of 2849?
8
What is the units digit of 803?
3
What is the hundreds digit of 864?
8
What is the thousands digit of 1470?
1
What is the thousands digit of 2825?
2
What is the ten thousands digit of 10417?
1
What is the tens digit of 3924?
2
What is the hundreds digit of 2860?
8
What is the thousands digit of 7509?
7
What is the units digit of 12444?
4
What is the units digit of 9183?
3
What is the tens digit of 4447?
4
What is the hundreds digit of 665?
6
What is the tens digit of 707?
0
What is the units digit of 16?
6
What is the tens digit of 200?
0
What is the units digit of 17441?
1
What is the thousands digit of 61982?
1
What is the units digit of 131?
1
What is the hundreds digit of 983?
9
What is the ten thousands digit of 15854?
1
What is the thousands digit of 13916?
3
What is the hundreds digit of 456?
4
What is the thousands digit of 1171?
1
What is the hundreds digit of 297?
2
What is the thousands digit of 1146?
1
What is the hundreds digit of 2180?
1
What is the hundreds digit of 2093?
0
What is the tens digit of 93475?
7
What is the units digit of 3003?
3
What is the tens digit of 1343?
4
What is the tens digit of 5074?
7
What is the hundreds digit of 45815?
8
What is the tens digit of 4251?
5
What is the units digit of 1313?
3
What is the tens digit of 1376?
7
What is the units digit of 13461?
1
What is the units digit of 23691?
1
What is the units digit of 1465?
5
What is the units digit of 624?
4
What is the units digit of 499?
9
What is the hundreds digit of 168?
1
What is the tens digit of 192?
9
What is the ten thousands digit of 27168?
2
What is the hundreds digit of 3333?
3
What is the hundreds digit of 218?
2
What is the tens digit of 187?
8
What is the hundreds digit of 4909?
9
What is the tens digit of 854?
5
What is the units digit of 14839?
9
What is the units digit of 508?
8
What is the hundreds digit of 43202?
2
What is the thousands digit of 1276?
1
What is the units digit of 12317?
7
What is the tens digit of 3683?
8
What is the thousands digit of 1029?
1
What is the units digit of 99507?
7
What is the tens digit of 16367?
6
What is the tens digit of 670?
7
What is the thousands digit of 4288?
4
What is the hundreds digit of 688?
6
What is the tens digit of 2748?
4
What is the thousands digit of 17538?
7
What is the hundreds digit of 18655?
6
What is the tens digit of 2331?
3
What is the hundreds digit of 18267?
2
What is the tens digit of 27?
2
What is the thousands digit of 3722?
3
What is the hundreds digit of 42341?
3
What is the thousands digit of 1259?
1
What is the units digit of 891?
1
What is the units digit of 671?
1
What is the tens digit of 10840?
4
What is the tens digit of 44223?
2
What is the hundreds digit of 2542?
5
What is the tens digit of 7190?
9
What is the tens digit of 786?
8
What is the thousands digit of 4724?
4
What is the hundred thousands digit of 122995?
1
What is the thousands digit of 1230?
1
What is the hundreds digit of 615?
6
What is the hundreds digit of 6238?
2
What is the hundreds digit of 5079?
0
What is the thousands digit of 16197?
6
What is the tens digit of 15104?
0
What is the thousands digit of 4518?
4
What is the units digit of 1224?
4
What is the hundreds digit of 5835?
8
What is the units digit of 48484?
4
What is the units digit of 8046?
6
What is the thousands digit of 17296?
7
What is the hundreds digit of 7877?
8
What is the tens digit of 2902?
0
What is the units digit of 109187?
7
What is the hundreds digit of 4215?
2
What is the ten thousands digit of 52792?
5
What is the hundreds digit of 1324?
3
What is the thousands digit of 15439?
5
What is the hundreds digit of 1338?
3
What is the units digit of 37943?
3
What is the units digit of 2097?
7
What is the tens digit of 2297?
9
What is the tens digit of 276?
7
What is the hundreds digit of 2446?
4
What is the tens digit of 16408?
0
What is the units digit of 307?
7
What is the tens digit of 3924?
2
What is the hundreds digit of 25927?
9
What is the thousands digit of 1753?
1
What is the tens digit of 1140?
4
What is the tens digit of 7384?
8
What is the tens digit of 3150?
5
What is the thousands digit of 1266?
1
What is the hundreds digit of 3834?
8
What is the units digit of 2148?
8
What is the hundreds digit of 50338?
3
What is the units digit of 7089?
9
What is the hundreds digit of 1995?
9
What is the tens digit of 610?
1
What is the tens digit of 7346?
4
What is the tens digit of 134751?
5
What is the hundred thousands digit of 114727?
1
What is the ten thousands digit of 11521?
1
What is the tens digit of 760?
6
What is the tens digit of 879?
7
What is the tens digit of 3382?
8
What is the hundreds digit of 3060?
0
What is the hundreds digit of 8936?
9
What is the units digit of 5738?
8
What is the hundreds digit of 63673?
6
What is the hundreds digit of 20686?
6
What is the tens digit of 47663?
6
What is the hundreds digit of 8949?
9
What is the units digit of 1936?
6
What is the tens digit of 597?
9
What is the tens digit of 1592?
9
What is the units digit of 39823?
3
What is the hundreds digit of 6743?
7
What is the thousands digit of 5309?
5
What is the hundreds digit of 9080?
0
What is the thousands digit of 104944?
4
What is the tens digit of 164?
6
What is the thousands digit of 1822?
1
What is the tens digit of 465?
6
What is the ten thousands digit of 40441?
4
What is the units digit of 516?
6
What is the tens digit of 17841?
4
What is the thousands digit of 2021?
2
What is the ten thousands digit of 23718?
2
What is the units digit of 2328?
8
What is the tens digit of 9753?
5
What is the hundreds digit of 9085?
0
What is the hundreds digit of 17842?
8
What is the units digit of 787?
7
What is the thousands digit of 47102?
7
What is the hundreds digit of 4598?
5
What is the hundreds digit of 2771?
7
What is the hundreds digit of 76213?
2
What is the hundreds digit of 244?
2
What is the ten thousands digit of 157449?
5
What is the units digit of 48707?
7
What is the units digit of 38501?
1
What is the hundreds digit of 8836?
8
What is the thousands digit of 3316?
3
What is the units digit of 21286?
6
What is the tens digit of 935?
3
What is the units digit of 2498?
8
What is the hundreds digit of 409?
4
What is the tens digit of 3047?
4
What is the ten thousands digit of 65033?
6
What is the tens digit of 41503?
0
What is the hundreds digit of 11968?
9
What is the hundreds digit of 150217?
2
What is the thousands digit of 2093?
2
What is the hundreds digit of 1963?
9
What is the hundreds digit of 674?
6
What is the tens digit of 3175?
7
What is the thousands digit of 1608?
1
What is the tens digit of 955?
5
What is the thousands digit of 139649?
9
What is the thousands digit of 4682?
4
What is the hundreds digit of 4008?
0
What is the tens digit of 23?
2
What is the tens digit of 592?
9
What is the tens digit of 12507?
0
What is the ten thousands digit of 10243?
1
What is the hundreds digit of 68459?
4
What is the hundreds digit of 9555?
5
What is the ten thousands digit of 41148?
4
What is the units digit of 264?
4
What is the thousands digit of 27015?
7
What is the hundreds digit of 2836?
8
What is the tens digit of 122?
2
What is the units digit of 3206?
6
What is the ten thousands digit of 41967?
4
What is the units digit of 359?
9
What is the units digit of 3346?
6
What is the tens digit of 12898?
9
What is the tens digit of 11798?
9
What is the thousands digit of 7687?
7
What is the hundreds digit of 14747?
7
What is the units digit of 7115?
5
What is the tens digit of 1582?
8
What is the units digit of 21878?
8
What is the hundreds digit of 1193?
1
What is the thousands digit of 49507?
9
What is the units digit of 20221?
1
What is the units digit of 88?
8
What is the hundreds digit of 2826?
8
What is the thousands digit of 6143?
6
What is the thousands digit of 187120?
7
What is the units digit of 2939?
9
What is the u